{"id":1893,"date":"2014-05-21T16:08:06","date_gmt":"2014-05-21T19:08:06","guid":{"rendered":"https:\/\/hansenimoveis.com\/?page_id=1893"},"modified":"2019-12-30T12:22:33","modified_gmt":"2019-12-30T15:22:33","slug":"home","status":"publish","type":"page","link":"https:\/\/hansenimoveis.com\/pt-br\/home\/","title":{"rendered":"Home"},"content":{"rendered":"","protected":false},"excerpt":{"rendered":"","protected":false},"author":1,"featured_media":131745,"parent":0,"menu_order":39,"comment_status":"closed","ping_status":"closed","template":"templates\/home.php","meta":{"footnotes":""},"class_list":["post-1893","page","type-page","status-publish","has-post-thumbnail","hentry"],"yoast_head":"<!-- This site is optimized with the Yoast SEO Premium plugin v27.5 (Yoast SEO v27.5) - https:\/\/yoast.com\/product\/yoast-seo-premium-wordpress\/ -->\n<title>Im\u00f3veis \u00e0 venda Lauro de Freitas, Litoral Norte e Salvador | Hansen Im\u00f3veis<\/title>\n<meta name=\"description\" content=\"Im\u00f3veis, casas e apartamentos \u00e0 venda em Salvador, Lauro de Freitas e Litoral Norte. Ajudamos voc\u00ea a encontrar os im\u00f3veis mais atraentes\" \/>\n<meta name=\"robots\" content=\"index, follow, max-snippet:-1, max-image-preview:large, max-video-preview:-1\" \/>\n<link rel=\"canonical\" href=\"https:\/\/hansenimoveis.com\/pt-br\/home\/\" \/>\n<meta property=\"og:locale\" content=\"pt_BR\" \/>\n<meta property=\"og:type\" content=\"article\" \/>\n<meta property=\"og:title\" content=\"Home\" \/>\n<meta property=\"og:description\" content=\"Im\u00f3veis, casas e apartamentos \u00e0 venda em Salvador, Lauro de Freitas e Litoral Norte. Ajudamos voc\u00ea a encontrar os im\u00f3veis mais atraentes\" \/>\n<meta property=\"og:url\" content=\"https:\/\/hansenimoveis.com\/pt-br\/home\/\" \/>\n<meta property=\"og:site_name\" content=\"Hansen Im\u00f3veis | Im\u00f3veis \u00e0 venda Lauro de Freitas, Litoral Norte e Salvador\" \/>\n<meta property=\"article:publisher\" content=\"https:\/\/www.facebook.com\/Hansen-Imveis-356389241069613\/\" \/>\n<meta property=\"article:modified_time\" content=\"2019-12-30T15:22:33+00:00\" \/>\n<meta property=\"og:image\" content=\"https:\/\/hansenimoveis.com\/wp-content\/uploads\/2014\/05\/Elegante-casa-\u00e0-venda-Encontro-das-\u00c1guas-43.jpg\" \/>\n\t<meta property=\"og:image:width\" content=\"1900\" \/>\n\t<meta property=\"og:image:height\" content=\"1267\" \/>\n\t<meta property=\"og:image:type\" content=\"image\/jpeg\" \/>\n<script type=\"application\/ld+json\" class=\"yoast-schema-graph\">{\"@context\":\"https:\\\/\\\/schema.org\",\"@graph\":[{\"@type\":\"WebPage\",\"@id\":\"https:\\\/\\\/hansenimoveis.com\\\/pt-br\\\/home\\\/\",\"url\":\"https:\\\/\\\/hansenimoveis.com\\\/pt-br\\\/home\\\/\",\"name\":\"Im\u00f3veis \u00e0 venda Lauro de Freitas, Litoral Norte e Salvador | Hansen Im\u00f3veis\",\"isPartOf\":{\"@id\":\"https:\\\/\\\/hansenimoveis.com\\\/pt-br\\\/#website\"},\"primaryImageOfPage\":{\"@id\":\"https:\\\/\\\/hansenimoveis.com\\\/pt-br\\\/home\\\/#primaryimage\"},\"image\":{\"@id\":\"https:\\\/\\\/hansenimoveis.com\\\/pt-br\\\/home\\\/#primaryimage\"},\"thumbnailUrl\":\"https:\\\/\\\/hansenimoveis.com\\\/wp-content\\\/uploads\\\/2014\\\/05\\\/Elegante-casa-\u00e0-venda-Encontro-das-\u00c1guas-43.jpg\",\"datePublished\":\"2014-05-21T19:08:06+00:00\",\"dateModified\":\"2019-12-30T15:22:33+00:00\",\"description\":\"Im\u00f3veis, casas e apartamentos \u00e0 venda em Salvador, Lauro de Freitas e Litoral Norte. Ajudamos voc\u00ea a encontrar os im\u00f3veis mais atraentes\",\"breadcrumb\":{\"@id\":\"https:\\\/\\\/hansenimoveis.com\\\/pt-br\\\/home\\\/#breadcrumb\"},\"inLanguage\":\"pt-BR\",\"potentialAction\":[{\"@type\":\"ReadAction\",\"target\":[\"https:\\\/\\\/hansenimoveis.com\\\/pt-br\\\/home\\\/\"]}]},{\"@type\":\"ImageObject\",\"inLanguage\":\"pt-BR\",\"@id\":\"https:\\\/\\\/hansenimoveis.com\\\/pt-br\\\/home\\\/#primaryimage\",\"url\":\"https:\\\/\\\/hansenimoveis.com\\\/wp-content\\\/uploads\\\/2014\\\/05\\\/Elegante-casa-\u00e0-venda-Encontro-das-\u00c1guas-43.jpg\",\"contentUrl\":\"https:\\\/\\\/hansenimoveis.com\\\/wp-content\\\/uploads\\\/2014\\\/05\\\/Elegante-casa-\u00e0-venda-Encontro-das-\u00c1guas-43.jpg\",\"width\":1900,\"height\":1267,\"caption\":\"Im\u00f3veis \u00e0 venda Lauro de Freitas\"},{\"@type\":\"BreadcrumbList\",\"@id\":\"https:\\\/\\\/hansenimoveis.com\\\/pt-br\\\/home\\\/#breadcrumb\",\"itemListElement\":[{\"@type\":\"ListItem\",\"position\":1,\"name\":\"In\u00edcio\",\"item\":\"https:\\\/\\\/hansenimoveis.com\\\/pt-br\\\/\"},{\"@type\":\"ListItem\",\"position\":2,\"name\":\"Home\"}]},{\"@type\":\"WebSite\",\"@id\":\"https:\\\/\\\/hansenimoveis.com\\\/pt-br\\\/#website\",\"url\":\"https:\\\/\\\/hansenimoveis.com\\\/pt-br\\\/\",\"name\":\"Hansen Im\u00f3veis | Im\u00f3veis \u00e0 venda Lauro de Freitas, Litoral Norte e Salvador\",\"description\":\"Homes for sale in Lauro de Freitas, Litoral Norte and Salvador\",\"publisher\":{\"@id\":\"https:\\\/\\\/hansenimoveis.com\\\/pt-br\\\/#organization\"},\"potentialAction\":[{\"@type\":\"SearchAction\",\"target\":{\"@type\":\"EntryPoint\",\"urlTemplate\":\"https:\\\/\\\/hansenimoveis.com\\\/pt-br\\\/?s={search_term_string}\"},\"query-input\":{\"@type\":\"PropertyValueSpecification\",\"valueRequired\":true,\"valueName\":\"search_term_string\"}}],\"inLanguage\":\"pt-BR\"},{\"@type\":[\"Organization\",\"Place\"],\"@id\":\"https:\\\/\\\/hansenimoveis.com\\\/pt-br\\\/#organization\",\"name\":\"Hansen Im\u00f3veis LTDA\",\"url\":\"https:\\\/\\\/hansenimoveis.com\\\/pt-br\\\/\",\"logo\":{\"@id\":\"https:\\\/\\\/hansenimoveis.com\\\/pt-br\\\/home\\\/#local-main-organization-logo\"},\"image\":{\"@id\":\"https:\\\/\\\/hansenimoveis.com\\\/pt-br\\\/home\\\/#local-main-organization-logo\"},\"sameAs\":[\"https:\\\/\\\/www.facebook.com\\\/Hansen-Imveis-356389241069613\\\/\",\"https:\\\/\\\/www.pinterest.dk\\\/hansenimoveis\\\/\",\"https:\\\/\\\/www.youtube.com\\\/channel\\\/UCH1v_JXMzDe4Pf4-ZHMaFDg\"],\"telephone\":[],\"openingHoursSpecification\":[{\"@type\":\"OpeningHoursSpecification\",\"dayOfWeek\":[\"Monday\",\"Tuesday\",\"Wednesday\",\"Thursday\",\"Friday\",\"Saturday\",\"Sunday\"],\"opens\":\"09:00\",\"closes\":\"17:00\"}]},{\"@type\":\"ImageObject\",\"inLanguage\":\"pt-BR\",\"@id\":\"https:\\\/\\\/hansenimoveis.com\\\/pt-br\\\/home\\\/#local-main-organization-logo\",\"url\":\"https:\\\/\\\/hansenimoveis.com\\\/wp-content\\\/uploads\\\/2014\\\/06\\\/Hansen-logo.jpg\",\"contentUrl\":\"https:\\\/\\\/hansenimoveis.com\\\/wp-content\\\/uploads\\\/2014\\\/06\\\/Hansen-logo.jpg\",\"width\":283,\"height\":283,\"caption\":\"Hansen Im\u00f3veis LTDA\"}]}<\/script>\n<!-- \/ Yoast SEO Premium plugin. -->","yoast_head_json":{"title":"Im\u00f3veis \u00e0 venda Lauro de Freitas, Litoral Norte e Salvador | Hansen Im\u00f3veis","description":"Im\u00f3veis, casas e apartamentos \u00e0 venda em Salvador, Lauro de Freitas e Litoral Norte. Ajudamos voc\u00ea a encontrar os im\u00f3veis mais atraentes","robots":{"index":"index","follow":"follow","max-snippet":"max-snippet:-1","max-image-preview":"max-image-preview:large","max-video-preview":"max-video-preview:-1"},"canonical":"https:\/\/hansenimoveis.com\/pt-br\/home\/","og_locale":"pt_BR","og_type":"article","og_title":"Home","og_description":"Im\u00f3veis, casas e apartamentos \u00e0 venda em Salvador, Lauro de Freitas e Litoral Norte. Ajudamos voc\u00ea a encontrar os im\u00f3veis mais atraentes","og_url":"https:\/\/hansenimoveis.com\/pt-br\/home\/","og_site_name":"Hansen Im\u00f3veis | Im\u00f3veis \u00e0 venda Lauro de Freitas, Litoral Norte e Salvador","article_publisher":"https:\/\/www.facebook.com\/Hansen-Imveis-356389241069613\/","article_modified_time":"2019-12-30T15:22:33+00:00","og_image":[{"width":1900,"height":1267,"url":"https:\/\/hansenimoveis.com\/wp-content\/uploads\/2014\/05\/Elegante-casa-\u00e0-venda-Encontro-das-\u00c1guas-43.jpg","type":"image\/jpeg"}],"schema":{"@context":"https:\/\/schema.org","@graph":[{"@type":"WebPage","@id":"https:\/\/hansenimoveis.com\/pt-br\/home\/","url":"https:\/\/hansenimoveis.com\/pt-br\/home\/","name":"Im\u00f3veis \u00e0 venda Lauro de Freitas, Litoral Norte e Salvador | Hansen Im\u00f3veis","isPartOf":{"@id":"https:\/\/hansenimoveis.com\/pt-br\/#website"},"primaryImageOfPage":{"@id":"https:\/\/hansenimoveis.com\/pt-br\/home\/#primaryimage"},"image":{"@id":"https:\/\/hansenimoveis.com\/pt-br\/home\/#primaryimage"},"thumbnailUrl":"https:\/\/hansenimoveis.com\/wp-content\/uploads\/2014\/05\/Elegante-casa-\u00e0-venda-Encontro-das-\u00c1guas-43.jpg","datePublished":"2014-05-21T19:08:06+00:00","dateModified":"2019-12-30T15:22:33+00:00","description":"Im\u00f3veis, casas e apartamentos \u00e0 venda em Salvador, Lauro de Freitas e Litoral Norte. Ajudamos voc\u00ea a encontrar os im\u00f3veis mais atraentes","breadcrumb":{"@id":"https:\/\/hansenimoveis.com\/pt-br\/home\/#breadcrumb"},"inLanguage":"pt-BR","potentialAction":[{"@type":"ReadAction","target":["https:\/\/hansenimoveis.com\/pt-br\/home\/"]}]},{"@type":"ImageObject","inLanguage":"pt-BR","@id":"https:\/\/hansenimoveis.com\/pt-br\/home\/#primaryimage","url":"https:\/\/hansenimoveis.com\/wp-content\/uploads\/2014\/05\/Elegante-casa-\u00e0-venda-Encontro-das-\u00c1guas-43.jpg","contentUrl":"https:\/\/hansenimoveis.com\/wp-content\/uploads\/2014\/05\/Elegante-casa-\u00e0-venda-Encontro-das-\u00c1guas-43.jpg","width":1900,"height":1267,"caption":"Im\u00f3veis \u00e0 venda Lauro de Freitas"},{"@type":"BreadcrumbList","@id":"https:\/\/hansenimoveis.com\/pt-br\/home\/#breadcrumb","itemListElement":[{"@type":"ListItem","position":1,"name":"In\u00edcio","item":"https:\/\/hansenimoveis.com\/pt-br\/"},{"@type":"ListItem","position":2,"name":"Home"}]},{"@type":"WebSite","@id":"https:\/\/hansenimoveis.com\/pt-br\/#website","url":"https:\/\/hansenimoveis.com\/pt-br\/","name":"Hansen Im\u00f3veis | Im\u00f3veis \u00e0 venda Lauro de Freitas, Litoral Norte e Salvador","description":"Homes for sale in Lauro de Freitas, Litoral Norte and Salvador","publisher":{"@id":"https:\/\/hansenimoveis.com\/pt-br\/#organization"},"potentialAction":[{"@type":"SearchAction","target":{"@type":"EntryPoint","urlTemplate":"https:\/\/hansenimoveis.com\/pt-br\/?s={search_term_string}"},"query-input":{"@type":"PropertyValueSpecification","valueRequired":true,"valueName":"search_term_string"}}],"inLanguage":"pt-BR"},{"@type":["Organization","Place"],"@id":"https:\/\/hansenimoveis.com\/pt-br\/#organization","name":"Hansen Im\u00f3veis LTDA","url":"https:\/\/hansenimoveis.com\/pt-br\/","logo":{"@id":"https:\/\/hansenimoveis.com\/pt-br\/home\/#local-main-organization-logo"},"image":{"@id":"https:\/\/hansenimoveis.com\/pt-br\/home\/#local-main-organization-logo"},"sameAs":["https:\/\/www.facebook.com\/Hansen-Imveis-356389241069613\/","https:\/\/www.pinterest.dk\/hansenimoveis\/","https:\/\/www.youtube.com\/channel\/UCH1v_JXMzDe4Pf4-ZHMaFDg"],"telephone":[],"openingHoursSpecification":[{"@type":"OpeningHoursSpecification","dayOfWeek":["Monday","Tuesday","Wednesday","Thursday","Friday","Saturday","Sunday"],"opens":"09:00","closes":"17:00"}]},{"@type":"ImageObject","inLanguage":"pt-BR","@id":"https:\/\/hansenimoveis.com\/pt-br\/home\/#local-main-organization-logo","url":"https:\/\/hansenimoveis.com\/wp-content\/uploads\/2014\/06\/Hansen-logo.jpg","contentUrl":"https:\/\/hansenimoveis.com\/wp-content\/uploads\/2014\/06\/Hansen-logo.jpg","width":283,"height":283,"caption":"Hansen Im\u00f3veis LTDA"}]}},"_links":{"self":[{"href":"https:\/\/hansenimoveis.com\/pt-br\/wp-json\/wp\/v2\/pages\/1893","targetHints":{"allow":["GET"]}}],"collection":[{"href":"https:\/\/hansenimoveis.com\/pt-br\/wp-json\/wp\/v2\/pages"}],"about":[{"href":"https:\/\/hansenimoveis.com\/pt-br\/wp-json\/wp\/v2\/types\/page"}],"author":[{"embeddable":true,"href":"https:\/\/hansenimoveis.com\/pt-br\/wp-json\/wp\/v2\/users\/1"}],"replies":[{"embeddable":true,"href":"https:\/\/hansenimoveis.com\/pt-br\/wp-json\/wp\/v2\/comments?post=1893"}],"version-history":[{"count":0,"href":"https:\/\/hansenimoveis.com\/pt-br\/wp-json\/wp\/v2\/pages\/1893\/revisions"}],"wp:featuredmedia":[{"embeddable":true,"href":"https:\/\/hansenimoveis.com\/pt-br\/wp-json\/wp\/v2\/media\/131745"}],"wp:attachment":[{"href":"https:\/\/hansenimoveis.com\/pt-br\/wp-json\/wp\/v2\/media?parent=1893"}],"curies":[{"name":"wp","href":"https:\/\/api.w.org\/{rel}","templated":true}]}}

<!-- This site is optimized with the Yoast SEO Premium plugin v27.5 (Yoast SEO v27.5) - https://yoast.com/product/yoast-seo-premium-wordpress/ -->
<title>Imóveis à venda Lauro de Freitas, Litoral Norte e Salvador | Hansen Imóveis</title>
<meta name="description" content="Imóveis, casas e apartamentos à venda em Salvador, Lauro de Freitas e Litoral Norte. Ajudamos você a encontrar os imóveis mais atraentes" />
<meta name="robots" content="index, follow, max-snippet:-1, max-image-preview:large, max-video-preview:-1" />
<link rel="canonical" href="https://hansenimoveis.com/pt-br/home/" />
<meta property="og:locale" content="pt_BR" />
<meta property="og:type" content="article" />
<meta property="og:title" content="Home" />
<meta property="og:description" content="Imóveis, casas e apartamentos à venda em Salvador, Lauro de Freitas e Litoral Norte. Ajudamos você a encontrar os imóveis mais atraentes" />
<meta property="og:url" content="https://hansenimoveis.com/pt-br/home/" />
<meta property="og:site_name" content="Hansen Imóveis | Imóveis à venda Lauro de Freitas, Litoral Norte e Salvador" />
<meta property="article:publisher" content="https://www.facebook.com/Hansen-Imveis-356389241069613/" />
<meta property="article:modified_time" content="2019-12-30T15:22:33+00:00" />
<meta property="og:image" content="https://hansenimoveis.com/wp-content/uploads/2014/05/Elegante-casa-à-venda-Encontro-das-Águas-43.jpg" />
	<meta property="og:image:width" content="1900" />
	<meta property="og:image:height" content="1267" />
	<meta property="og:image:type" content="image/jpeg" />
<script type="application/ld+json" class="yoast-schema-graph">{"@context":"https:\/\/schema.org","@graph":[{"@type":"WebPage","@id":"https:\/\/hansenimoveis.com\/pt-br\/home\/","url":"https:\/\/hansenimoveis.com\/pt-br\/home\/","name":"Imóveis à venda Lauro de Freitas, Litoral Norte e Salvador | Hansen Imóveis","isPartOf":{"@id":"https:\/\/hansenimoveis.com\/pt-br\/#website"},"primaryImageOfPage":{"@id":"https:\/\/hansenimoveis.com\/pt-br\/home\/#primaryimage"},"image":{"@id":"https:\/\/hansenimoveis.com\/pt-br\/home\/#primaryimage"},"thumbnailUrl":"https:\/\/hansenimoveis.com\/wp-content\/uploads\/2014\/05\/Elegante-casa-à-venda-Encontro-das-Águas-43.jpg","datePublished":"2014-05-21T19:08:06+00:00","dateModified":"2019-12-30T15:22:33+00:00","description":"Imóveis, casas e apartamentos à venda em Salvador, Lauro de Freitas e Litoral Norte. Ajudamos você a encontrar os imóveis mais atraentes","breadcrumb":{"@id":"https:\/\/hansenimoveis.com\/pt-br\/home\/#breadcrumb"},"inLanguage":"pt-BR","potentialAction":[{"@type":"ReadAction","target":["https:\/\/hansenimoveis.com\/pt-br\/home\/"]}]},{"@type":"ImageObject","inLanguage":"pt-BR","@id":"https:\/\/hansenimoveis.com\/pt-br\/home\/#primaryimage","url":"https:\/\/hansenimoveis.com\/wp-content\/uploads\/2014\/05\/Elegante-casa-à-venda-Encontro-das-Águas-43.jpg","contentUrl":"https:\/\/hansenimoveis.com\/wp-content\/uploads\/2014\/05\/Elegante-casa-à-venda-Encontro-das-Águas-43.jpg","width":1900,"height":1267,"caption":"Imóveis à venda Lauro de Freitas"},{"@type":"BreadcrumbList","@id":"https:\/\/hansenimoveis.com\/pt-br\/home\/#breadcrumb","itemListElement":[{"@type":"ListItem","position":1,"name":"Início","item":"https:\/\/hansenimoveis.com\/pt-br\/"},{"@type":"ListItem","position":2,"name":"Home"}]},{"@type":"WebSite","@id":"https:\/\/hansenimoveis.com\/pt-br\/#website","url":"https:\/\/hansenimoveis.com\/pt-br\/","name":"Hansen Imóveis | Imóveis à venda Lauro de Freitas, Litoral Norte e Salvador","description":"Homes for sale in Lauro de Freitas, Litoral Norte and Salvador","publisher":{"@id":"https:\/\/hansenimoveis.com\/pt-br\/#organization"},"potentialAction":[{"@type":"SearchAction","target":{"@type":"EntryPoint","urlTemplate":"https:\/\/hansenimoveis.com\/pt-br\/?s={search_term_string}"},"query-input":{"@type":"PropertyValueSpecification","valueRequired":true,"valueName":"search_term_string"}}],"inLanguage":"pt-BR"},{"@type":["Organization","Place"],"@id":"https:\/\/hansenimoveis.com\/pt-br\/#organization","name":"Hansen Imóveis LTDA","url":"https:\/\/hansenimoveis.com\/pt-br\/","logo":{"@id":"https:\/\/hansenimoveis.com\/pt-br\/home\/#local-main-organization-logo"},"image":{"@id":"https:\/\/hansenimoveis.com\/pt-br\/home\/#local-main-organization-logo"},"sameAs":["https:\/\/www.facebook.com\/Hansen-Imveis-356389241069613\/","https:\/\/www.pinterest.dk\/hansenimoveis\/","https:\/\/www.youtube.com\/channel\/UCH1v_JXMzDe4Pf4-ZHMaFDg"],"telephone":[],"openingHoursSpecification":[{"@type":"OpeningHoursSpecification","dayOfWeek":["Monday","Tuesday","Wednesday","Thursday","Friday","Saturday","Sunday"],"opens":"09:00","closes":"17:00"}]},{"@type":"ImageObject","inLanguage":"pt-BR","@id":"https:\/\/hansenimoveis.com\/pt-br\/home\/#local-main-organization-logo","url":"https:\/\/hansenimoveis.com\/wp-content\/uploads\/2014\/06\/Hansen-logo.jpg","contentUrl":"https:\/\/hansenimoveis.com\/wp-content\/uploads\/2014\/06\/Hansen-logo.jpg","width":283,"height":283,"caption":"Hansen Imóveis LTDA"}]}</script>
<!-- / Yoast SEO Premium plugin. -->

Imóveis à venda Lauro de Freitas, Litoral Norte e Salvador | Hansen Imóveis

Imóveis, casas e apartamentos à venda em Salvador, Lauro de Freitas e Litoral Norte. Ajudamos você a encontrar os imóveis mais atraentes

Hansen Imóveis | Imóveis à venda Lauro de Freitas, Litoral Norte e Salvador

https://hansenimoveis.com/wp-content/uploads/2014/05/Elegante-casa-à-venda-Encontro-das-Águas-43.jpg

Imóveis à venda Lauro de Freitas

Início

Hansen Imóveis LTDA
